9.
3, 11, 18380563
What are the prime factors of 979877753?
979877753
List the prime factors of 2799609907.
31, 5903, 15299
What are the prime factors of 1747817254?
2, 873908627
List the prime factors of 3871156322.
2, 11, 175961651
List the prime factors of 112622425.
5, 4504897
List the prime factors of 6650448.
2, 3, 7, 19793
List the prime factors of 113632718.
2, 109, 521251
List the prime factors of 1803409507.
23, 241, 325349
List the prime factors of 46286514.
2, 3, 2571473
List the prime factors of 73512059.
727, 101117
List the prime factors of 19241650.
2, 5, 53, 137
What are the prime factors of 6770582870?
2, 5, 3023, 223969
What are the prime factors of 26383821?
3, 31, 283697
List the prime factors of 1879471505.
5, 73, 83, 62039
List the prime factors of 90717543.
3, 7, 23, 41, 509
List the prime factors of 200082100.
2, 5, 67, 29863
List the prime factors of 2721894021.
3, 7, 11, 17, 231041
List the prime factors of 1024743725.
5, 23, 1109, 1607
List the prime factors of 118750309.
41, 2896349
What are the prime factors of 294808014?
2, 3, 59, 277597
What are the prime factors of 4336622017?
7, 13, 547, 87121
List the prime factors of 40185496.
2, 13, 29723
List the prime factors of 223848276.
2, 3, 18654023
What are the prime factors of 57956704?
2, 13, 127, 1097
What are the prime factors of 1592389234?
2, 47, 3209, 5279
What are the prime factors of 191658995?
5, 11, 3484709
List the prime factors of 207803482.
2, 23, 151, 29917
List the prime factors of 57480690.
2, 3, 5, 1916023
What are the prime factors of 577493848?
2, 139, 191, 2719
List the prime factors of 273914760.
2, 3, 5, 7, 31, 67, 157
What are the prime factors of 514603?
47, 10949
What are the prime factors of 4320739636?
2, 193, 5596813
List the prime factors of 2544643211.
11, 231331201
What are the prime factors of 7979482605?
3, 5, 531965507
List the prime factors of 571892764.
2, 41, 3487151
List the prime factors of 20434503.
3, 43, 158407
List the prime factors of 325500168.
2, 3, 7, 59, 32839
List the prime factors of 150331012.
2, 13, 29, 99689
What are the prime factors of 5580006299?
7, 5507, 144751
List the prime factors of 148725602.
2, 74362801
What are the prime factors of 518807351?
31, 16735721
List the prime factors of 5927693652.
2, 3, 641, 256877
List the prime factors of 46286545.
5, 2027, 4567
What are the prime factors of 639083?
639083
What are the prime factors of 193172334?
2, 3, 127, 253507
List the prime factors of 4531207301.
157, 877, 32909
What are the prime factors of 1706369561?
13, 131259197
What are the prime factors of 60439461?
3, 257, 277, 283
What are the prime factors of 462621324?
2, 3, 11, 97, 36131
List the prime factors of 2353483283.
2353483283
What are the prime factors of 64763094?
2, 3, 11, 79, 12421
What are the prime factors of 191579131?
941, 203591
List the prime factors of 1531029836.
2, 7, 587, 93151
List the prime factors of 86319604.
2, 7, 3082843
List the prime factors of 94334061.
3, 1609, 19543
List the prime factors of 64018115.
5, 7, 1829089
List the prime factors of 3909918902.
2, 23, 84998237
List the prime factors of 61911758.
2, 30955879
What are the prime factors of 2787461864?
2, 11, 2917, 10859
What are the prime factors of 5308900?
2, 5, 53089
List the prime factors of 287866680.
2, 3, 5, 2398889
List the prime factors of 254345193.
3, 28260577
What are the prime factors of 43285269?
3, 31, 465433
What are the prime factors of 116309622?
2, 3, 11, 13, 135559
What are the prime factors of 7712298811?
7, 59, 18673847
List the prime factors of 73049465.
5, 14609893
What are the prime factors of 259951380?
2, 3, 5, 13, 333271
What are the prime factors of 511153630?
2, 5, 13, 503, 7817
List the prime factors of 840413619.
3, 93379291
What are the prime factors of 1398783104?
2, 10927993
What are the prime factors of 501994517?
151, 3324467
List the prime factors of 642841585.
5, 6599, 19483
What are the prime factors of 57788165?
5, 11557633
List the prime factors of 4122359954.
2, 17, 193, 628217
List the prime factors of 1044804114.
2, 3, 58044673
List the prime factors of 63425699.
63425699
List the prime factors of 515608991.
6197, 83203
List the prime factors of 88073618.
2, 44036809
What are the prime factors of 640744935?
3, 5, 43, 947, 1049
What are the prime factors of 97971104?
2, 7, 11, 39761
What are the prime factors of 724736402?
2, 13, 257, 108461
What are the prime factors of 377271613?
377271613
What are the prime factors of 318093230?
2, 5, 7, 13, 349553
What are the prime factors of 260843093?
7, 37263299
List the prime factors of 418235699.
7, 149, 233, 1721
What are the prime factors of 486564806?
2, 7, 13, 19, 20101
What are the prime factors of 2140201870?
2, 5, 31, 47, 146891
What are the prime factors of 2489109343?
7, 1087, 327127
What are the prime factors of 164717751?
3, 11, 47, 61, 1741
What are the prime factors of 1267935966?
2, 3, 11, 317, 20201
What are the prime factors of 105484827?
3, 7, 19, 463, 571
What are the prime factors of 837253739?
7, 2440973
List the prime factors of 135333487.
179, 756053
List the prime factors of 618029808.
2, 3, 11, 1170511
List the prime factors of 19030168.
2, 2378771
What are the prime factors of 619187151?
3, 11, 89, 210823
List the prime factors of 133776942.
2, 3, 13, 29, 59141
What are the prime factors of 159862863?
3, 43, 1239247
What are the prime factors of 3155313069?
3, 116863447
What are the prime factors of 912562756?
2, 7, 83, 392669
List the prime factors of 245474463.
3, 13, 6294217
List the prime factors of 427200986.
2, 213600493
What are the prime factors of 1021666220?
2, 5, 211, 242101
What are the prime factors of 18886298?
2, 401, 23549
List the prime factors of 188387761.
17, 11081633
List the prime factors of 2681931561.
3, 4339, 206033
List the prime factors of 103339866.
2, 3, 7, 2460473
What are the prime factors of 6419001?
3, 23, 41, 2269
List the prime factors of 328768462.
2, 11, 941, 15881
List the prime factors of 127750452.
2, 3, 19, 29, 139
List the prime factors of 633946578.
2, 3, 105657763
What are the prime factors of 87165383?
199, 438017
What are the prime factors of 2202888248?
2, 11, 233, 9767
What are the prime factors of 111910531?
79, 353, 4013
What are the prime factors of 49342124?
2, 13, 948887
What are the prime factors of 616502188?
2, 154125547
What are the prime factors of 141988078?
2, 70994039
List the prime factors of 440683503.
3, 13, 17, 101, 6581
List the prime factors of 1801363714.
2, 900681857
List the prime factors of 124860725.
5, 11, 454039
What are the prime factors of 444549711?
3, 17, 8716661
What are the prime factors of 1621066495?
5, 167, 239, 8123
What are the prime factors of 89062860?
2, 3, 5, 59, 139, 181
List the prime factors of 281932647.
3, 93977549
List the prime factors of 123325848.
2, 3, 101, 5653
List the prime factors of 697134498.
2, 3, 116189083
What are the prime factors of 152419644?
2, 3, 13, 36187
What are the prime factors of 5418423777?
3, 13, 257, 540599
What are the prime factors of 841120489?
11, 31, 224239
What are the prime factors of 41846210?
2, 5, 7, 597803
What are the prime factors of 130581707?
79, 1652933
What are the prime factors of 66596940?
2, 3, 5, 369983
List the prime factors of 1367806025.
5, 29, 31, 60859
List the prime factors of 398720371.
7, 313, 181981
What are the prime factors of 91412891?
91412891
List the prime factors of 27173498.
2, 11, 1235159
List the prime factors of 2200218281.
43, 2239, 22853
What are the prime factors of 540591596?
2, 135147899
What are the prime factors of 64730702?
2, 53, 610667
List the prime factors of 407214861.
3, 3407, 39841
What are the prime factors of 291614133?
3, 5449, 17839
What are the prime factors of 229149394?
2, 114574697
What are the prime factors of 876830349?
3, 292276783
What are the prime factors of 931363769?
7, 133051967
List the prime factors of 42406093.
42406093
List the prime factors of 33501032.
2, 29, 197, 733
List the prime factors of 802721.
802721
What are the prime factors of 5474660107?
7, 29, 26968769
What are the prime factors of 50368051?
3331, 15121
What are the prime factors of 796879179?
3, 88542131
What are the prime factors of 739493